 s = -15 - -17. Suppose -s*r + 33 = 2*n + 3*n, 69 = 3*r + n. What is the units digit of r?
4
Suppose 3*h - 247 - 356 = 0. What is the hundreds digit of h?
2
Suppose 4*o - 25 = -o. Suppose r + o*f = f + 22, r = -5*f + 26. What is the units digit of 8 - (-1)/((-3)/r)?
6
Suppose -127 - 123 = -2*c. What is the hundreds digit of c?
1
Let k = 10 + -5. What is the units digit of k?
5
Let y be 1/(-2) + (-9)/(-6). Let v be y/3 - (-22)/6. What is the units digit of 24/9*9/v?
6
Let w = -11 + 6. Let r be 170/25 + (-1)/w. Suppose -5*z + r = 2. What is the units digit of z?
1
Let a be 54/12 + 1/(-2). What is the units digit of (3 - a)*-1*1?
1
Suppose -3*t - 1 = 29. Let p = 27 + t. What is the units digit of p?
7
Suppose 3*q = -2*q - 15. Let c(v) = -v + 4. What is the units digit of c(q)?
7
Let z(f) = -f**2 + 4*f - 2. Let i be z(3). Let b = i + 7. What is the units digit of b?
8
What is the units digit of (-72)/(-21) - (-3)/(-7)?
3
Suppose 16 = 2*j + 5*m, -3*m = -2*j - 4*m. Suppose -5*x + 3*r = -25, -5 = -x + 2*r - 4*r. What is the units digit of x*(j + 24/10)?
2
Let d(x) = 3. Let b(v) = v**2 + 3. Let m(n) = -2*b(n) + 3*d(n). Let k be m(3). What is the tens digit of ((-48)/(-20))/((-2)/k)?
1
What is the units digit of 57/6*(-10)/(-5)?
9
Let v be (-1)/4 + 97/4. Let t = 34 - v. What is the tens digit of t?
1
Let x be (90/(-12))/((-2)/(-4)). Let z = x + 23. Let t = z - 0. What is the units digit of t?
8
Let t(j) = 5*j**2 - 2*j + 1. Let u be t(1). Let l(r) = -u - 3 + 2*r - 3. What is the units digit of l(7)?
4
Suppose -10 - 5 = -5*q. Suppose 88 = d + q*d. What is the units digit of (-2)/(-8) + d/8?
3
Let t = 9 + -3. Let b(g) = -g**3 + 7*g**2 - 7*g + 9. Let m be b(t). Suppose -j + 2*d = -0*j - 15, 0 = -4*j + m*d + 50. What is the tens digit of j?
1
Let q(o) = -8*o - 3. Let y be q(-8). Suppose 4*f - y = 3. Suppose -4*b + f = -2*b. What is the units digit of b?
8
Let r = 111 + 79. Suppose r = v + 4*v. What is the tens digit of v?
3
Let p(h) = 26*h + 7. What is the hundreds digit of p(5)?
1
Let u = -4 - -9. What is the units digit of 4/u*(-25)/(-10)?
2
Suppose 4*u - 5*w - 35 = 0, 9 = 2*u - 3*w - 8. What is the units digit of u?
0
Let b(l) = l**2 + l + 31. Let k be (-1)/(1 - 0)*0. What is the units digit of b(k)?
1
What is the units digit of -1 - (12/(-20) + 484/(-10))?
8
Let w = -2 + 0. Let q be w*(-10)/(-16)*-4. Suppose v = q + 4. What is the units digit of v?
9
Suppose -4*b = -3*u - 9 - 137, 0 = -3*b + 3*u + 111. What is the units digit of b?
5
Let n be (8/4)/1 + 38. Suppose -m + 29 = -9*c + 4*c, n = 5*m - 4*c. What is the units digit of m?
4
Suppose 5*u = z - 41 - 40, -3*z + 3*u = -291. What is the tens digit of z?
0
What is the tens digit of 20/130 + (-1077)/(-13)?
8
Let x = -134 - -240. What is the units digit of x?
6
Let d(s) = s**2 - 5*s - 2. What is the units digit of d(13)?
2
Let r = -27 - -23. Let u = r - -52. What is the units digit of u?
8
Suppose -3*s = -5*d + 2*s - 15, 0 = 5*d + 5*s - 35. What is the tens digit of d/4 - 29/(-2)?
1
Suppose -5*h - 80 = -3*z + 137, -2*z + 140 = -h. What is the units digit of z?
9
Suppose -j + 136 = 4*i - 64, 0 = 2*i + 5*j - 118. What is the tens digit of i?
4
Let u(q) = q**3 - 2*q**2 + q. Let w be u(2). Let j be ((-2)/w)/(3/(-18)). What is the units digit of (10/j)/(1/6)?
0
Let g be 2/2 + 1 + -2. Let y(t) be the first derivative of t**4/4 - t**2/2 + 16*t - 9. What is the tens digit of y(g)?
1
Suppose 4*s + 4*o + 96 = 0, -2*o = 5*s + 72 + 57. Let j be 2/(-11) + s/33. What is the units digit of (-15)/(-12) + j/4?
1
Suppose -3*u = 2*u + g - 24, 0 = -3*u - 3*g + 12. Let a(h) = -h**2 - 2 + u*h - 2 + 2. What is the units digit of a(3)?
4
Let x = -19 + 55. What is the units digit of x?
6
Suppose 0 = 4*u - 300 + 68. What is the tens digit of u?
5
Let d(x) = -x**2 + 12*x + 15. Let s be d(13). What is the units digit of s + ((-3)/1)/(-1)?
5
Suppose 3*j - 142 = -2*u - 2*u, 42 = j + 4*u. What is the tens digit of j?
5
Suppose 4*s - 2*s + 8 = 0. Let y = 4 + s. Let h = 9 + y. What is the units digit of h?
9
Let n(h) = 31*h**2. Let k be n(2). Suppose -z - 3*z = -3*y - k, 4*z - 124 = 5*y. What is the tens digit of z?
3
Let q(w) = -7*w + 6. Let l(u) = -3*u + 3. Let x(m) = 5*l(m) - 2*q(m). What is the units digit of x(-6)?
9
Suppose -4*n - 3*r - 3 = 2, r = -3*n. Let y(d) = 6*d - 2*d + n - 2*d. What is the units digit of y(2)?
5
Suppose -5*z - 6*j + 1325 = -11*j, -3*j = z - 269. What is the units digit of z?
6
Let k = 55 - 27. Suppose -8 = 5*d - k. Suppose 3*h - d = -b, 6 = 4*h - 3*h - 2*b. What is the units digit of h?
2
Let y be (-72)/(-33) - 4/22. Suppose -m - 115 = -5*q, y*q - 5*m - 83 + 14 = 0. What is the tens digit of q?
2
Let n(j) = -j**3 - 9*j**2 - 24*j - 1. What is the units digit of n(-7)?
9
Suppose 296 = -56*c + 60*c. What is the units digit of c?
4
Let m be (4 + -3)*(-4 + 3). What is the units digit of (m - (-34 + -2)) + -3?
2
Suppose -9 = -6*l + 3. What is the units digit of l?
2
What is the tens digit of ((9/6)/3)/(3/96)?
1
Suppose -2*p = 4*h - 2, 4 + 1 = -5*h - 5*p. Suppose 0 = -u + 6 - 3. Suppose u*l - 1 = -h*q, -4*q = 6 + 10. What is the units digit of l?
3
Let l(j) = -3*j + 2. What is the units digit of l(-2)?
8
Suppose 0 = -4*f + 1 - 9. What is the units digit of (-6)/12*68/f?
7
Let l(j) = -2*j**2 + 1 + 3 + 13*j**2 - 5. What is the units digit of l(2)?
3
Let l(f) = -f**2 - 5*f - 1. Let t be l(-2). Suppose 3*v - 2 = 4*q + 24, -t*q = -20. What is the units digit of v?
4
Let t(q) = 4*q. Suppose y - 25 = -3*z, -4*y + 72 = -0*y + 5*z. What is the units digit of t(y)?
2
Let j = 159 + 18. What is the tens digit of j?
7
Suppose 3*c + 9 = 0, 2*c - 62 = 2*j - 4*j. What is the units digit of j?
4
Let o = 15 + -13. Suppose 204 = 2*z + o*z. What is the units digit of z?
1
Let d = -4 + 7. Let h(q) = -5*q + 2. Let t(z) = z**2 + 9*z - 3. Let c(n) = d*t(n) + 5*h(n). What is the units digit of c(-1)?
2
Suppose 802 - 256 = 3*y + 5*z, 0 = -5*z - 15. What is the hundreds digit of y?
1
Let s(r) = -2*r + 6. Let u be s(0). Let d = u - -9. What is the tens digit of d?
1
Let r be 4/2 + (0 - 0). Let p = 10 - 20. What is the units digit of ((-16)/10)/(r/p)?
8
Suppose -u - 3*u + 28 = 2*c, 3*c - 5*u = -2. What is the tens digit of (c/4)/((-9)/(-120))?
2
Let b(y) = y**2 - 7*y - 1. Let s be b(7). Let f = 2 - s. Suppose -f*u + 29 + 1 = 2*v, 0 = 2*v. What is the tens digit of u?
1
Let r(m) = -m**3 - 6*m**2 + m. Let f be r(-6). Let v = 20 - f. What is the units digit of v?
6
Suppose -s + 5*a = -11 - 34, -5*a = -4*s + 105. What is the tens digit of s?
2
Let d be (-9)/(-6) - (-1)/2. Suppose -d*s = -8 - 22. What is the units digit of s?
5
Let o = 63 - 47. Let a(z) = 2*z - 6. Let j be a(4). Suppose 3*v + 2*r - o = 0, j*v = -r - 1 + 11. What is the units digit of v?
4
Let t = 200 + -109. What is the units digit of t?
1
Let m(a) be the second derivative of -a**4/12 - 5*a**3/3 - 3*a**2 + 2*a. What is the units digit of m(-9)?
3
Suppose 0 = 2*r - 4*r + 84. What is the tens digit of (r/28)/((-3)/(-70))?
3
Suppose -4*m + 162 = -m. Let v = m - 33. What is the units digit of v?
1
What is the units digit of (1/3)/(2/102)?
7
Let m(c) = c**2 - 4*c - 1. Let h be m(6). Let o = 31 - h. Suppose 3*t = 7 + o. What is the units digit of t?
9
Let s(j) = 16*j**3 + 41*j**2 - j - 6. Let t(l) = -3*l**3 - 8*l**2 + 1. Let a(w) = 2*s(w) + 11*t(w). What is the tens digit of a(-6)?
1
Let r = -2 - -2. Suppose r*o = 5*o - 5. What is the units digit of o/(-5) + (-144)/(-20)?
7
Let u(d) = -d**2 + 8*d + 2. Let g be u(8). Let c(p) = 2*p**2 - p + 2. What is the units digit of c(g)?
8
Let v(f) = -f**2 + 1. Let q(g) = 5*g**2 + 4*g - 4. Let x(i) = q(i) + 4*v(i). What is the units digit of x(-5)?
5
Let f = 4 + 1. Suppose f = 3*h - 19. What is the units digit of h?
8
Suppose 45 = l - w, -102 - 13 = -3*l - w. What is the tens digit of l?
4
Let x(z) = 2*z**2 - 12*z - 18. What is the units digit of x(11)?
2
Suppose -6 = -2*f - 0*f. Suppose -4*c + 28 = -6*s + s, -s + 40 = f*c. What is the tens digit of c?
1
Suppose -2*l + 4*u + 23 + 7 = 0, -2*u = 4*l - 40. Suppose -6*t + l*t = 150. What is the units digit of t?
0
What is the units digit of 4/((-12)/(-15)) - -209?
4
Let z(m) = -m**3 + 13*m**2 + 14*m + 7. What is the units digit of z(14)?
7
Let g(d) = 2*d**3 + d**2 + 6*d - 6. Let n(z) = 5*z**3 + 3*z